{"id":56,"date":"2020-12-09T16:41:35","date_gmt":"2020-12-09T16:41:35","guid":{"rendered":"http:\/\/psicologopablo.com\/?page_id=56"},"modified":"2023-12-05T17:41:57","modified_gmt":"2023-12-05T17:41:57","slug":"me-presento","status":"publish","type":"page","link":"https:\/\/www.psicologopablo.com\/index.php\/me-presento\/","title":{"rendered":"Me presento"},"content":{"rendered":"\n<h2 class=\"wp-block-heading\">Mi nombre es Pablo y soy Psic\u00f3logo y Psicoterapeuta Humanista Integrativo.<\/h2>\n\n\n\n<p>Con una trayectoria profesional diversa, he desempe\u00f1ado mi papel como terapeuta y psic\u00f3logo en diferentes \u00e1reas, abordando temas cruciales como la tercera edad, enfermedades mentales y adicciones. Mi labor se ha desarrollado principalmente en la regi\u00f3n de Ponferrada y El Bierzo, colaborando con reconocidas instituciones como Proyecto Hombre, Alfaem, Asprona Bierzo, Beda y el Centro Kokoro.<\/p>\n\n\n\n<p>Mi pasi\u00f3n por el trabajo terap\u00e9utico se refleja en mi compromiso con cada individuo que conf\u00eda en m\u00ed para guiarlos a trav\u00e9s de sus procesos personales. Disfruto profundamente escuchando sus historias y proporcionando un acompa\u00f1amiento que fomente la confianza y el crecimiento personal.<\/p>\n\n\n\n<p>En mi enfoque terap\u00e9utico, me esfuerzo por construir relaciones s\u00f3lidas y saludables, poniendo especial \u00e9nfasis en la seguridad, el empoderamiento y la creencia en uno mismo. Mi objetivo es crear un espacio donde mis clientes se sientan respaldados y capaces de realizar los cambios deseados en sus vidas.<\/p>\n\n\n\n<p>La capacitaci\u00f3n personal es un pilar fundamental en mi pr\u00e1ctica, donde respeto los tiempos individuales, las decisiones y las creencias de cada persona. Creo firmemente en la capacidad intr\u00ednseca de todos para transformarse y cultivar un amor propio sano y respetuoso, permitiendo una vida plena y enriquecedora.<\/p>\n\n\n\n<p>Como psic\u00f3logo en Ponferrada, mi misi\u00f3n es ofrecer un apoyo integral, guiando a mis pacientes hacia un cambio positivo y ayud\u00e1ndoles a alcanzar un estado de bienestar emocional duradero. Estoy comprometido a ser un recurso confiable y comprensivo en el viaje hacia una vida m\u00e1s plena y satisfactoria.<\/p>\n\n\n\n<figure class=\"wp-block-image size-large is-resized\"><img decoding=\"async\" width=\"2560\" height=\"2558\" src=\"https:\/\/www.psicologopablo.com\/wp-content\/uploads\/2020\/12\/IMG_20201216_193937-edited-scaled.jpg\" alt=\"\" class=\"wp-image-94\" style=\"width:293px;height:293px\" srcset=\"https:\/\/www.psicologopablo.com\/wp-content\/uploads\/2020\/12\/IMG_20201216_193937-edited-scaled.jpg 2560w, https:\/\/www.psicologopablo.com\/wp-content\/uploads\/2020\/12\/IMG_20201216_193937-edited-300x300.jpg 300w, https:\/\/www.psicologopablo.com\/wp-content\/uploads\/2020\/12\/IMG_20201216_193937-edited-1024x1024.jpg 1024w, https:\/\/www.psicologopablo.com\/wp-content\/uploads\/2020\/12\/IMG_20201216_193937-edited-150x150.jpg 150w, https:\/\/www.psicologopablo.com\/wp-content\/uploads\/2020\/12\/IMG_20201216_193937-edited-768x767.jpg 768w, https:\/\/www.psicologopablo.com\/wp-content\/uploads\/2020\/12\/IMG_20201216_193937-edited-1536x1536.jpg 1536w, https:\/\/www.psicologopablo.com\/wp-content\/uploads\/2020\/12\/IMG_20201216_193937-edited-2048x2046.jpg 2048w, https:\/\/www.psicologopablo.com\/wp-content\/uploads\/2020\/12\/IMG_20201216_193937-edited-100x100.jpg 100w\" sizes=\"(max-width: 767px) 89vw, (max-width: 1000px) 54vw, (max-width: 1071px) 543px, 580px\" \/><figcaption class=\"wp-element-caption\">Pablo Fern\u00e1ndez D\u00edaz. Psic\u00f3logo Psicoterapeuta Humanista Integrativo en Ponferrada. <\/figcaption><\/figure>\n\n\n\n<p><\/p>\n","protected":false},"excerpt":{"rendered":"<p>Mi nombre es Pablo y soy Psic\u00f3logo y Psicoterapeuta Humanista Integrativo. Con una trayectoria profesional diversa, he desempe\u00f1ado mi papel como terapeuta y psic\u00f3logo en diferentes \u00e1reas, abordando temas cruciales como la tercera edad, enfermedades mentales y adicciones. Mi labor se ha desarrollado principalmente en la regi\u00f3n de Ponferrada y El Bierzo, colaborando con reconocidas &hellip; <\/p>\n<p class=\"link-more\"><a href=\"https:\/\/www.psicologopablo.com\/index.php\/me-presento\/\" class=\"more-link\">Continuar leyendo<span class=\"screen-reader-text\"> \u00abMe presento\u00bb<\/span><\/a><\/p>\n","protected":false},"author":1,"featured_media":74,"parent":0,"menu_order":0,"comment_status":"closed","ping_status":"closed","template":"","meta":{"_monsterinsights_skip_tracking":false,"_monsterinsights_sitenote_active":false,"_monsterinsights_sitenote_note":"","_monsterinsights_sitenote_category":0,"footnotes":""},"_links":{"self":[{"href":"https:\/\/www.psicologopablo.com\/index.php\/wp-json\/wp\/v2\/pages\/56"}],"collection":[{"href":"https:\/\/www.psicologopablo.com\/index.php\/wp-json\/wp\/v2\/pages"}],"about":[{"href":"https:\/\/www.psicologopablo.com\/index.php\/wp-json\/wp\/v2\/types\/page"}],"author":[{"embeddable":true,"href":"https:\/\/www.psicologopablo.com\/index.php\/wp-json\/wp\/v2\/users\/1"}],"replies":[{"embeddable":true,"href":"https:\/\/www.psicologopablo.com\/index.php\/wp-json\/wp\/v2\/comments?post=56"}],"version-history":[{"count":11,"href":"https:\/\/www.psicologopablo.com\/index.php\/wp-json\/wp\/v2\/pages\/56\/revisions"}],"predecessor-version":[{"id":265,"href":"https:\/\/www.psicologopablo.com\/index.php\/wp-json\/wp\/v2\/pages\/56\/revisions\/265"}],"wp:featuredmedia":[{"embeddable":true,"href":"https:\/\/www.psicologopablo.com\/index.php\/wp-json\/wp\/v2\/media\/74"}],"wp:attachment":[{"href":"https:\/\/www.psicologopablo.com\/index.php\/wp-json\/wp\/v2\/media?parent=56"}],"curies":[{"name":"wp","href":"https:\/\/api.w.org\/{rel}","templated":true}]}}